7048. What is the tens digit of r*((-3)/(-4) + -1)?
8
Let i(c) = -1094*c + 1532. What is the tens digit of i(-47)?
5
Let t(s) = -s**3 + 2*s**2 + 10*s + 2070. Let j be t(0). Suppose 4*b = 8*x - 13*x + j, x = 3*b - 1562. What is the units digit of b?
0
Suppose 3*c + f = 45008, 4*f + 48963 = 5*c - 26039. What is the units digit of c?
2
Suppose 5*l + 268 = 258. Let b = -3 + 11. What is the hundreds digit of (b - 102)*(l + 0 + -1)?
2
Suppose 2*c + 44 = 4*u, 8*u = -3*c + 13*u - 62. Let q = c + 233. What is the hundreds digit of q?
2
Suppose 0*g + 5*b = 5*g - 220, 2*g - 5*b = 91. Let z = -36 + g. What is the tens digit of 2/8 - z/(84/(-705))?
5
Suppose -7124*w - 33826 = -7150*w. What is the units digit of w?
1
Suppose 15*y + 72862 - 138473 = 103979. What is the ten thousands digit of y?
1
Let l = -7759 + 5327. Let z = -1680 - l. Suppose 2*p = t - 0*p - 191, -z = -4*t + 5*p. What is the tens digit of t?
8
Suppose -5*o = 4*p - 2*o - 5, 0 = 4*o + 4. Suppose 407 = 2*f - s, -p*s - 2*s - 410 = -2*f. What is the tens digit of f?
0
Let d be (4 - -679)*1/(-2)*-2. Let m = 106 + d. What is the tens digit of m?
8
Let u = -6968 - -14796. What is the tens digit of u?
2
Let l(g) = -12*g + 4 - 11 - 28*g. What is the tens digit of l(-2)?
7
Let s = 26 - 19. Suppose -s*c + 310 = 58. What is the units digit of (c/(-8))/(1/(-2))?
9
Let m(n) = 186*n - 22. Suppose -2*t = -7 + 17. Let h be m(t). What is the units digit of (6/4)/((-12)/h)?
9
Suppose -63 - 25 = -11*n. Suppose -4 = -n*a + 20. Suppose 3*d + 4*j = 2*j + 69, 0 = -a*j. What is the units digit of d?
3
Suppose -37009 = -8*h + 6*h + 5*a, -4*h - 2*a = -74006. Suppose 13*n = 6471 + h. What is the tens digit of n?
2
Suppose 3*i - 4*k - 610 - 490 = 0, 5*i - 5*k = 1830. Suppose 2*u = -2*u + t + i, -u = t - 91. Suppose 3*h - u = 14. What is the units digit of h?
5
Suppose -2*o = 2*h - 2, 5*o - 3*h + 2 + 9 = 0. What is the units digit of 540 - ((16 - 8) + 4/o)?
6
Let a = 19740 + -13996. What is the tens digit of a?
4
Suppose 2728729 = 39*z + 27*z + 941581. What is the tens digit of z?
7
Let a be (1 - 1) + (2 - 0). Suppose -a*k + 4*k = 264. Let u = k + -43. What is the tens digit of u?
8
Let t(b) = b**3 + 11*b**2 - b + 4. Let g = 22 + -29. Let y(h) = -h**2 - 2*h + 24. Let u be y(g). What is the units digit of t(u)?
5
Let c be 10/(-3)*42/(-35). Let q be 4 - (-28)/(-7) - -5. Suppose -d + 113 = -5*v, -c*v - 210 + 775 = q*d. What is the hundreds digit of d?
1
Suppose 4*n + w - 5 = 4, n = -w + 3. Suppose -13*l + n*l = -6710. What is the units digit of l?
0
Suppose -25 = -i + 4. Let l be i - (4 + 3 + -4). Let f = l + 7. What is the tens digit of f?
3
Let c(v) = 42*v**2 - 2*v + 10. Suppose 0 = -8*g - 4 - 28. What is the hundreds digit of c(g)?
6
Suppose -18141 = -j - 3*b, 5*j - b = 36448 + 54289. What is the ten thousands digit of j?
1
Let h(q) = -69*q - 20. Let l be (-54)/(-7) - (-4)/14. Let b be (-10)/20*l/(-1) - 7. What is the hundreds digit of h(b)?
1
Let n(a) = -5*a**3 - 16*a**2 - 12*a - 21. What is the units digit of n(-7)?
4
Suppose 2*h - 2*t + 818 = 0, t + 747 = -3*h - 500. Let p = 271 - h. Let k = -474 + p. What is the tens digit of k?
1
Let o(l) = 5*l**2 - 95*l + 1816. What is the units digit of o(54)?
6
Suppose -t + 8529 = -7276 + 1612. What is the hundreds digit of t?
1
Let q(n) = 102*n**2 + 185*n - 2179. What is the tens digit of q(12)?
2
Let h = 110087 + -59524. What is the ten thousands digit of h?
5
Let x = -61307 + 115474. What is the thousands digit of x?
4
Let w(y) = 3502*y + 2503. What is the thousands digit of w(14)?
1
Let q(y) = -y**3 + 8*y**2 + 34*y + 9. Let f be q(11). Suppose 80 = 10*h - f. What is the tens digit of h?
1
Let q = -16 - -26. Suppose -5*h - 5*j - q = -2*j, 0 = -h - j - 4. What is the tens digit of 3*(-114)/(-9) + h?
3
Suppose -10 + 142 = -22*h. Let l(k) = -102*k - 45. What is the tens digit of l(h)?
6
Let j(k) = k**3 + 20*k**2 - 3*k - 57. Let r be j(-20). Suppose 0 = 3*x - 15, 0*l + r*x = l - 689. What is the units digit of l?
4
Suppose 10*f - 13*f - 87 = 0. Let k = f + 33. Let z(o) = -o**3 + 5*o**2 + 4*o - 9. What is the tens digit of z(k)?
2
Let g = 1255 - 523. Let u = g - 470. What is the hundreds digit of u?
2
Let l(w) = 33*w**2 - 2*w - 60. What is the units digit of l(-14)?
6
Let j = 4702 - -3319. What is the thousands digit of j?
8
Let j = 11621 - -1710. What is the tens digit of j?
3
What is the hundreds digit of -16 - -5903 - (-6 - 3)?
8
Suppose -31 - 10 = -v - 2*m, -2*v + 3*m = -117. Suppose -v*l + 48*l = -519. What is the hundreds digit of l?
1
Let m(h) = -h**2 - 48*h + 82. Suppose -5*k - 4*q - 190 = -0*k, 161 = -4*k - 5*q. What is the tens digit of m(k)?
5
Let a(r) = 146*r**2 + 48*r + 178. What is the ten thousands digit of a(-13)?
2
What is the units digit of (9 - (-424)/(-48))*17754?
9
Suppose -3*q = 5*d - 2125, 3587 = 4*q + q - 3*d. Let j = q - 356. Suppose 4*v - j = -107. What is the units digit of v?
3
Let r be 9/18 + 35/(-4)*6. What is the hundreds digit of (-11946)/(-14) - r/(-182)?
8
Let n = 6101 - 1896. What is the hundreds digit of n?
2
Suppose -7*q + 5*q - 474 = 0. Let h = -129 - q. Let m = h - 58. What is the units digit of m?
0
Suppose -1220 = -2*a - 4*s, -5*s = 2*a - 9*s - 1212. What is the tens digit of a?
0
Suppose p = -2*d + 80903, -3*d + 28021 = -2*p - 93344. What is the hundreds digit of d?
4
Let h(x) = -16*x + 45*x - 15*x - 2*x**2 + 1 - 16*x. Let r be h(-2). Let y = r - -23. What is the tens digit of y?
2
Let c = -6 + -31. Let x = 39 + c. Suppose -x*f - 4*i + 114 = 0, -3*i = -5*f + i + 229. What is the tens digit of f?
4
Let b(y) = y**3 - 12*y**2 + 3*y - 6. Let r be (-4)/(-6) - (-279)/27. Let o = r + 1. What is the units digit of b(o)?
0
Let z(g) = -3634*g + 20. Let x be z(-1). Suppose -4*f + 4872 = 4*m, -3*m + 14*f - 12*f + x = 0. What is the tens digit of m?
1
Suppose -20*p - c = -16*p - 43336, p + 5*c = 10834. What is the hundreds digit of p?
8
Let a(p) = -42*p - 308. Let l be a(-9). What is the tens digit of l/(-105) - (24890/6)/(-5)?
2
Let h(j) = 66*j**2 - 61*j - 25. What is the hundreds digit of h(-13)?
9
Let i(c) = -12*c**2 - 4*c + 50. Let o be i(7). Let d = o - -1093. What is the units digit of d?
7
What is the hundreds digit of (30/(-18))/((4/14076)/(-1))?
8
Let k(l) = l**3 - 24*l**2 + 8*l - 7. Let h(b) = 12*b. Let o be h(2). What is the units digit of k(o)?
5
Let w(i) = 230*i**2 + 29*i + 525. What is the units digit of w(-6)?
1
Let o = 2 + 5. Suppose 1 + 27 = o*n. What is the tens digit of -10*n/(-8) - -60?
6
Suppose -8 = 46*p - 47*p. What is the units digit of (78 + 2)*p/10?
4
Let f(l) be the third derivative of 11*l**5/60 + 7*l**4/24 - 3*l**3 + 21*l**2. Let a(y) = y**2 - 16*y + 4. Let n be a(16). What is the tens digit of f(n)?
8
Let r = 36 + -9. Suppose 15*h + 48 = -r. What is the units digit of (h - -1)*(-1 + -36)?
8
Suppose -4*m + 3*d - 110 = 1410, -5*d = -m - 380. Let f = 726 + m. What is the tens digit of f?
4
Let r be 1 + (112/6 - (-3)/9). Suppose -3*j + r = -4*l - 1, 0 = l. Let m(d) = -d**3 + 9*d**2 - d - 10. What is the tens digit of m(j)?
8
What is the units digit of (1602952/(-78))/((-68)/12 - -5)?
6
Let p be (-2)/10 + 17155/25. Suppose -p = -s - 6*s. What is the tens digit of s?
9
What is the units digit of 1206/10*(-130)/(-3)?
6
Let g(i) be the third derivative of 229*i**5/60 + 5*i**4/12 - 5*i**3/3 + i**2 - 4*i. What is the tens digit of g(1)?
2
Suppose -6*x + x + 29244 = 4*b, -3*b = -3. What is the tens digit of x?
4
Let r = 21683 + -13695. What is the units digit of r?
8
Let c = 9943 - 1935. Suppose -47*u = -40*u - c. What is the thousands digit of u?
1
Suppose -2*f - 5*c + 9099 = 0, -73*f + 72*f = 5*c - 4542. What is the tens digit of f?
5
Let c(g) = -1. Let w(f) = -f + 28. Let z(s) = -4*c(s) + w(s). What is the units digit of z(-33)?
5
Suppose -8*w + 4340 = -18*w. Let j = w + 796. What is the tens digit of j?
6
Let g(s) = -274*s + 30. Suppose 0 = -2*x + 40 - 46. What is the hundreds digit of g(x)?
8
Let r(p) = -p**3 - p**2 + p + 12. Let u = 182 - 185. What is the units digit of r(u)?
7
Let g be ((-3)/5)/(-6 + 203/35). Let i(c) = c**2 - c. Let f(z) = -7*z**2 + 4*z - 4. Let k(y) = -f(y) - 3*i(y). What is the tens digit of k(g)?
3
Let f(j) = 2*j**3 - j**2 - j. Let s be f(-3). Let v = -83 - s. Let a = 249 + v. What is the tens digit o